 68 = d*s - 5*s. Suppose -3*f = -5*j - s, 0*j - 3*j - 5*f + 17 = 0. Calculate m(j).
-5
Let v(s) = 3*s - 32. Let n(z) = -2*z + 18. Let w(x) = 7*n(x) + 4*v(x). Give w(-3).
4
Let r(u) = -u**3 + 5*u**2 - u + 6. Let s be r(5). Let x = s + 6. Let i = x - 9. Let y(h) = h**2 - 2*h - 3. Determine y(i).
5
Let p(k) = -7 + 0*k**3 + 53*k**2 - 2 - 52*k**2 + k**3. What is p(0)?
-9
Let k(f) be the second derivative of -3/2*f**2 - 1/3*f**3 + 0 - 26*f. What is k(-6)?
9
Let d(o) = o - 5. Let b(a) = 3*a**3 + 2*a + 1. Let s(n) = n**3 + n. Let z(l) = -2*b(l) + 5*s(l). Let r be z(-2). Give d(r).
-1
Let l(q) be the first derivative of -q**3/3 + 3*q**2/2 + 4*q - 51. Give l(3).
4
Let i(y) = -1 + 2 + 42*y + 2*y**2 - 122*y + 39*y + 44*y. What is i(-2)?
3
Let h(r) = -7*r**3 - r**2 - 4. Let n be h(-2). Suppose -4*s - n = 4*s. Let x(m) = -m**2 - 2*m + 6. Determine x(s).
-18
Let h = -3 - 2. Let p(y) = 8 + 12*y + 604*y**2 - 32*y + 9 - 602*y**2. Let c(x) = -3*x**2 + 30*x - 26. Let r(a) = h*c(a) - 8*p(a). Determine r(9).
3
Suppose 0 = -2*m + 4*t + 28, 0 = 4*m + t - 40 - 61. Let j be (3/(-2))/(-4*(-3)/m). Let x(v) = -v. What is x(j)?
3
Let z(b) = -b**2 - b + 1. Let q be z(-2). Let t(r) be the first derivative of r**3/3 - 9. Calculate t(q).
1
Let b(q) be the third derivative of 1/30*q**5 + 7/60*q**6 - 12*q**2 - 1/6*q**3 + 0 + 0*q + 0*q**4. Calculate b(1).
15
Let p = -31 - -28. Let m(i) = i**2 + 2*i - 1. Let t be m(-3). Let o(c) = -3*c - 3 + 3 + t + 5*c. Calculate o(p).
-4
Let o(c) be the second derivative of 2*c**3/3 + 29*c**2/2 + c + 16. Calculate o(-9).
-7
Suppose -u + 19 = 6. Let a(s) = s**3 - 11*s**2 - 25*s - 15. Determine a(u).
-2
Let t(u) = -40*u**2. Let v = 571 + -572. Determine t(v).
-40
Let k = -94 - -82. Let w(o) = o**3 + 11*o**2 - 12*o + 5. Calculate w(k).
5
Let o(x) = -4*x + 43. Suppose 0 = 7*y - 2*y - 2*w - 44, -2*y + 4*w = -8. Let l be o(y). Let k(g) = g**3 - 3*g**2 + 2*g - 1. Give k(l).
5
Let o(a) = 4*a**2 - 4*a + 5. Let p(l) = 7*l**2 - 8*l + 9. Let s(h) = 5*o(h) - 3*p(h). What is s(4)?
-2
Suppose 0 = -4*r - 7*t + 3*t - 8, -3*r + 5*t = -18. Suppose -r = 5*u + 2*d, 5*u + 7 + 0 = d. Let z(v) = 8*v - 1. What is z(u)?
-9
Let a(j) = j**2 + 3*j + 2. Let c be a(-3). Let q(k) = c*k**3 - 8*k**2 - k**3 - 3*k + 0*k**3 + 2 + 2*k. Suppose -24*o + 234 = 42. Determine q(o).
-6
Suppose -10*d - 36 = -14*d. Let x = 4 - d. Let r(m) = m**3 + 5*m**2. What is r(x)?
0
Let b be ((-1)/3)/((-4 - 2)/(-90)). Let m(q) = -3*q - 5. Determine m(b).
10
Let f = 0 - -5. Let b(r) = 2 + 2*r**2 - 2*r**3 - 3*r**2 - r + r**3 + f*r. Suppose 0 = -5*w - 5 - 10. Calculate b(w).
8
Suppose 9 = -h - 2*h. Let a = h - 0. Let g(u) be the first derivative of u**3/3 + 3*u - 12. Give g(a).
12
Suppose 0 = 9*q - 6*q + l - 68, q - 44 = 5*l. Suppose -24*o = -16*o + q. Let u(g) be the third derivative of g**5/30 + g**4/6 + g**3/3 + g**2. Calculate u(o).
8
Let o be 25*3/(3 - 0). Suppose -i - 4*i = o. Let j(d) = -d**3 + d**2 - 2. Let a(w) = -7*w**3 + w**2 - w - 7. Let r(h) = -a(h) + 6*j(h). Determine r(i).
-10
Let j(p) = -2*p - 3. Let s(g) = g - 1 + 3*g - g - 2*g. Let w(o) = -j(o) - s(o). Suppose 0 = -t - 0 - 4. Determine w(t).
0
Let z be (44/(-6))/((-10)/(-30)). Let u be (-11)/z*(1 - -5). Let b(d) = -d - d**u - 3*d - 4*d**2 - 14 - d + 8. What is b(-4)?
14
Let f(s) be the second derivative of 21*s**5/20 + s**4/12 - s**3/6 - 18*s + 2. Determine f(1).
21
Let q(l) = -l**3 - 8*l**2 - 7*l + 2. Suppose 55*r - 59*r - 28 = 0. Determine q(r).
2
Let w(l) = -2*l**2 - 2*l - 2. Suppose 3*o + 3*a + 21 = 0, 2*o + 2*a - 16 = 6*o. Let b(z) = z**2 - z - 32. Let u be b(o). Give w(u).
-6
Let h(n) be the third derivative of 0 + 0*n + 1/24*n**4 - 1/2*n**3 - n**2. Calculate h(3).
0
Suppose -2*w = -2*j + 3*j - 42, 2*w = -2*j + 44. Let q = w + -21. Let h(s) = 3*s + 4. Let r(v) = 1. Let n(i) = q*r(i) - h(i). Determine n(-4).
7
Let h(b) = b + 5. Let y be ((-21)/(-14))/(1/(-24)). Let v = 50 + y. Suppose -2 = 4*s + v. Give h(s).
1
Let o(z) = -z**3 - 6*z**2 - 6*z + 5. Suppose -2*u + 0*u + 17 = -5*g, 3*u + 5*g + 37 = 0. Determine o(u).
-3
Let q(r) = 2*r + 1. Let i be q(-1). Suppose -3*o - 8 - 2 = 2*f, 0 = -5*o - 10. Let d = f + i. Let n(k) = -k**3 - 2*k**2 + k - 4. Calculate n(d).
2
Let x(n) = -n**3 - 4*n**2 + 4*n + 3. Let y(d) = -d**3 + 32*d**2 - 29*d - 52. Let q be y(31). Suppose 19*r - q = 21*r. Determine x(r).
8
Let h(v) = v + 12. Let t(a) = -6*a - 59. Let r(k) = 11*h(k) + 2*t(k). Calculate r(7).
7
Let m(v) = 0*v + 3*v - v - 6. Let k be 2/(-3) - -1*29/3. Let t be -42*(-3)/k*4/14. Determine m(t).
2
Let u(v) be the third derivative of 0 - 7/24*v**4 + 2/15*v**5 - 1/120*v**6 + 1/2*v**3 + 0*v - 21*v**2. Let h = -2 - -9. What is u(h)?
3
Let g(u) be the second derivative of u**4/12 - 3*u**3/2 + 7*u**2 + 101*u. Determine g(9).
14
Let m = -67 + 70. Let u(b) = 0 + m*b + 4 + 7*b**2 - b**3 + 2 + 7*b. Calculate u(8).
22
Let f(m) = m - 4. Let d be f(8). Suppose -i - i - 4*s - 28 = 0, -20 = d*s. Let u(a) be the first derivative of -2*a**3/3 - 5*a**2/2 + 1. Give u(i).
-12
Let k be 3 + 1 - (-2 - -2). Let a(g) = -4*g**2 - 4*g - 3. Let j(h) = -h**2. Let i(o) = -a(o) + 5*j(o). What is i(k)?
3
Let m = -45 + 75. Let g = -27 + m. Let x(q) = -1 - 4*q - 3*q + 6*q + q**2. Give x(g).
5
Let x(h) be the third derivative of -h**8/1344 - h**7/2520 + h**5/120 - 5*h**4/24 + 9*h**2. Let m(o) be the second derivative of x(o). Calculate m(1).
-5
Let p(w) be the second derivative of -w**3/6 + 5*w**2 - 219*w. Determine p(11).
-1
Let g(m) = -m + 1. Suppose 4*u - 5*u + 1 = 0. Let w be (-2)/(u + (-15)/10). Determine g(w).
-3
Let y(n) be the first derivative of -n**6/360 - n**5/40 + 8*n**3/3 + 6. Let x(z) be the third derivative of y(z). Calculate x(-2).
2
Let n(p) = p**3 + 8*p**2 - 8*p - 10. Let l(c) = -9*c + 36. Let a = 115 + -110. Let i be l(a). Determine n(i).
-19
Let l(r) be the second derivative of -r**6/240 - r**5/30 - 7*r**4/6 + 3*r. Let n(g) be the third derivative of l(g). What is n(-4)?
8
Let h(r) be the first derivative of r**5/20 + 2*r**4/3 + r**3/3 + 11*r**2/2 - 8*r - 10. Let a(t) be the first derivative of h(t). Calculate a(-8).
-5
Let o(s) = -s**3 - 8*s**2 - 8*s + 2. Suppose 0 = -h + 5 - 12. Calculate o(h).
9
Suppose 0 = -3*o - 3*k - 75, 3*o = -5*k + 28 - 103. Let c = o - -28. Let n(l) be the first derivative of -l**3/3 - l**2/2 + 1. Calculate n(c).
-12
Let h(t) = -t**2 + 3*t + 3. Let s be ((-6)/4 + 1)*-6. Let m be h(s). Let n(w) = m*w + 1 - 5*w + w + 0*w. Determine n(1).
0
Let u(n) = 4*n - 1. Let h(j) = j - 4. Let i(r) = -2*h(r) + u(r). Calculate i(-5).
-3
Let g(b) = -9*b - 6 + 4 + 3 + 2*b. Give g(-4).
29
Let x(m) be the second derivative of 1/8*m**4 + 0*m**2 - m + 0 + 3/2*m**3 - 1/120*m**5. Let p(h) be the second derivative of x(h). Determine p(-6).
9
Let s be ((-15)/6)/(-1)*(-84)/(-35). Let w(z) = 5*z**2 + 14*z - 10. Let b(n) = 14*n**2 + 41*n - 30. Let g(p) = s*b(p) - 17*w(p). Give g(7).
-3
Let d(m) = m**2 - 3*m - 7. Suppose u = 3*r + 5*u - 72, r + 3*u = 19. Suppose -r - 22 = -5*c. Suppose -3*s = -c - 5. What is d(s)?
3
Let r(g) = 7*g. Let t(v) = 29*v + 10. Let w(j) = -3*r(j) + t(j). Give w(-7).
-46
Let w(g) = -g**3 + 4*g**2 - g - 2. Let t be w(3). Let o(c) = 7*c + 218. Let z(a) = 8*a + 255. Let j(l) = 7*o(l) - 6*z(l). Determine j(t).
0
Let b = -320 - -331. Let v(f) = -f**2 + 10*f - 5. Give v(b).
-16
Let p(r) = r - 1. Let f(m) = 14*m - 5. Let u(g) = -f(g) + 4*p(g). Let a(d) = -d. Let z be -6*(0 - 1) + 0. Let t(s) = z*a(s) - u(s). Determine t(2).
7
Suppose 4*t + 6 = t. Let i(r) be the first derivative of -r**4/4 - 5*r**3/3 - 3*r**2/2 - r - 7863. What is i(t)?
-7
Let d(r) be the second derivative of -r**6/120 - r**5/60 - r**4/24 - r**3/3 + 23*r**2 + 16*r + 2. Let o(q) be the first derivative of d(q). Calculate o(-2).
4
Let w(q) = 5*q + 2. Suppose 12 = 28*z - 25*z. Let n(m) = -6*m - 3. Let p(a) = z*n(a) + 5*w(a). Determine p(5).
3
Suppose 2*k + 155 = 139. Let o(y) = -y**2 - 15*y - 4. What is o(k)?
52
Let o(r) = -r - 1. Let u(d) = -d**2 - 10*d + 4. Let w(l) = -5*o(l) + u(l). Determine w(-7).
-5
Let z(o) = 12*o**3 - 11*o**2 - 5*o + 2. Let p(k) = 7*k**3 - 6*k**2 - 3*k + 1. Let t(w) = -5*p(w) + 3*z(w). Determine t(3).
1
Let j(u) = -u**3 - 4*u**2 + 6*u + 5. Let q = 173 + -178. Determine j(q).
0
Let i(x) = x**2 - 2*x - 1. Let p be i(2). Let n be -3 + (-6 - -3 - p). Let o = n -